-4
Convert 6 (base 12) to base 14.
6
-1010 (base 2) to base 14
-a
What is 1101 (base 4) in base 5?
311
5 (base 15) to base 5
10
-442 (base 5) to base 11
-101
417 (base 8) to base 11
227
10 (base 13) to base 2
1101
What is -12 (base 3) in base 4?
-11
Convert -39 (base 14) to base 16.
-33
What is -31 (base 11) in base 13?
-28
Convert 4 (base 7) to base 15.
4
-25 (base 6) to base 11
-16
Convert -10311 (base 4) to base 9.
-373
39 (base 14) to base 7
102
Convert 3 (base 14) to base 13.
3
What is 131 (base 4) in base 9?
32
23 (base 15) to base 16
21
What is -69 (base 10) in base 3?
-2120
2 (base 12) to base 16
2
Convert 4 (base 11) to base 9.
4
11 (base 4) to base 15
5
-2 (base 11) to base 16
-2
Convert -12 (base 3) to base 16.
-5
Convert -18a (base 16) to base 8.
-612
What is 32 (base 8) in base 16?
1a
3 (base 8) to base 12
3
-6 (base 13) to base 8
-6
2 (base 4) to base 11
2
What is -51 (base 11) in base 7?
-110
What is -80 (base 13) in base 14?
-76
Convert -1 (base 2) to base 8.
-1
Convert 11 (base 8) to base 16.
9
Convert 3 (base 4) to base 13.
3
-10 (base 8) to base 12
-8
What is 4 (base 6) in base 16?
4
Convert -51 (base 6) to base 14.
-23
-3 (base 15) to base 7
-3
Convert -101100 (base 2) to base 6.
-112
What is 1 (base 12) in base 7?
1
What is -33 (base 9) in base 16?
-1e
What is 3 (base 7) in base 14?
3
2 (base 13) to base 16
2
What is 10000 (base 2) in base 4?
100
What is 2 (base 12) in base 9?
2
Convert 5 (base 13) to base 11.
5
What is da (base 16) in base 15?
e8
Convert 3 (base 12) to base 16.
3
Convert 11 (base 13) to base 9.
15
Convert 5d (base 16) to base 15.
63
Convert -108 (base 10) to base 12.
-90
What is -222 (base 3) in base 6?
-42
-3 (base 8) to base 16
-3
1 (base 12) to base 3
1
-101111 (base 2) to base 6
-115
Convert -47 (base 14) to base 7.
-120
What is -102 (base 5) in base 14?
-1d
Convert -1022 (base 3) to base 15.
-25
Convert -4 (base 9) to base 16.
-4
-1 (base 15) to base 16
-1
3 (base 16) to base 15
3
Convert 0 (base 5) to base 10.
0
11 (base 8) to base 9
10
Convert -13 (base 10) to base 2.
-1101
153 (base 7) to base 14
63
What is -29 (base 15) in base 3?
-1110
Convert -e8 (base 15) to base 11.
-189
What is 4 (base 6) in base 9?
4
-3e (base 16) to base 9
-68
0 (base 11) to base 3
0
Convert 1300 (base 4) to base 10.
112
1a (base 14) to base 16
18
-45 (base 9) to base 15
-2b
50 (base 12) to base 16
3c
What is 111 (base 2) in base 15?
7
Convert 6 (base 10) to base 7.
6
-3 (base 4) to base 8
-3
Convert -2 (base 14) to base 12.
-2
-213 (base 5) to base 9
-64
What is 0 (base 15) in base 8?
0
30 (base 9) to base 4
123
1f (base 16) to base 11
29
-21220 (base 3) to base 12
-159
What is 314 (base 7) in base 15?
a8
What is -4 (base 7) in base 13?
-4
-67 (base 8) to base 13
-43
What is 57 (base 13) in base 15?
4c
What is 31 (base 4) in base 16?
d
What is -20111 (base 3) in base 15?
-ba
-66 (base 13) to base 4
-1110
What is 0 (base 6) in base 5?
0
10 (base 4) to base 2
100
-20 (base 13) to base 8
-32
Convert 10110010 (base 2) to base 11.
152
What is 12 (base 6) in base 14?
8
-83 (base 13) to base 14
-79
What is 12 (base 4) in base 5?
11
Convert 54 (base 11) to base 4.
323
Convert 4 (base 14) to base 12.
4
Convert 0 (base 2) to base 15.
0
Convert -44 (base 12) to base 16.
-34
Convert -2220 (base 3) to base 13.
-60
-31 (base 4) to base 5
-23
Convert 1200 (base 4) to base 9.
116
What is 0 (base 14) in base 15?
0
4 (base 16) to base 2
100
What is 78 (base 14) in base 10?
106
What is -87 (base 12) in base 3?
-10211
2 (base 12) to base 4
2
Convert 1a (base 11) to base 15.
16
What is -4 (base 16) in base 14?
-4
-11 (base 7) to base 13
-8
Convert -100 (base 2) to base 5.
-4
Convert -11a (base 14) to base 16.
-dc
-3 (base 10) to base 2
-11
Convert 1 (base 5) to base 16.
1
Convert 3 (base 8) to base 7.
3
What is -7 (base 12) in base 2?
-111
What is -a (base 13) in base 8?
-12
What is -2 (base 4) in base 7?
-2
101 (base 4) to base 15
12
What is -123 (base 5) in base 11?
-35
Convert 155 (base 11) to base 16.
b5
What is -2 (base 12) in base 5?
-2
What is 105 (base 9) in base 15?
5b
What is -121 (base 5) in base 7?
-51
What is -20 (base 9) in base 14?
-14
Convert -5 (base 13) to base 15.
-5
What is 0 (base 5) in base 13?
0
What is 0 (base 10) in base 13?
0
Convert -2212 (base 3) to base 13.
-5c
What is -71 (base 9) in base 2?
-1000000
Convert -212 (base 4) to base 10.
-38
0 (base 12) to base 9
0
Convert -7 (base 16) to base 15.
-7
-2 (base 16) to base 5
-2
Convert 167 (base 12) to base 6.
1011
Convert 11000101 (base 2) to base 11.
16a
2 (base 13) to base 7
2
Convert 202 (base 3) to base 12.
18
3 (base 7) to base 13
3
-211 (base 4) to base 13
-2b
Convert -11 (base 2) to base 13.
-3
Convert 110011 (base 2) to base 6.
123
Convert -5 (base 10) to base 11.
-5
What is -3 (base 6) in base 10?
-3
Convert -145 (base 7) to base 9.
-101
Convert 0 (base 8) to base 7.
0
What is 47 (base 14) in base 2?
111111
Convert 4 (base 10) to base 16.
4
-10 (base 6) to base 2
-110
Convert 25 (base 8) to base 5.
41
What is -60 (base 15) in base 4?
-1122
Convert 102210 (base 3) to base 16.
13e
Convert 3 (base 15) to base 2.
11
What is -a (base 13) in base 11?
-a
What is 144 (base 5) in base 11?
45
-11010 (base 2) to base 5
-101
-1122 (base 4) to base 10
-90
20 (base 3) to base 14
6
Convert 16 (base 13) to base 3.
201
8 (base 16) to base 8
10
What is -51 (base 7) in base 4?
-210
Convert -3 (base 16) to base 6.
-3
-2 (base 14) to base 5
-2
What is 100001000 (base 2) in base 11?
220
-2a (base 11) to base 12
-28
Convert 0 (base 3) to base 4.
0
Convert 101 (base 7) to base 13.
3b
12 (base 12) to base 2
1110
-2 (base 5) to base 15
-2
Convert 3 (base 5) to base 16.
3
1 (base 16) to base 7
1
What is -5 (base 13) in base 3?
-12
What is 2 (base 15) in base 8?
2
36 (base 13) to base 15
30
Convert -14 (base 11) to base 9.
-16
What is -8 (base 12) in base 8?
-10
Convert 9 (base 10) to base 6.
13
35 (base 14) to base 3
1202
3112 (base 4) to base 9
257
Convert -35 (base 13) to base 8.
-54
Convert 1d6 (base 14) to base 11.
31a
What is -18 (base 12) in base 15?
-15
Convert 79 (base 14) to base 9.
128
What is -2 (base 3) in base 10?
-2
b (base 13) to base 12
b
What is db (base 16) in base 2?
11011011
-20 (base 3) to base 2
-110
What is 1222 (base 3) in base 16?
35
-1 (base 7) to base 4
-1
What is -18 (base 9) in base 4?
-101
Convert -13 (base 5) to base 12.
-8
Convert -13 (base 7) to base 2.
-1010
What is -22 (base 3) in base 15?
-8
Convert -5 (base 8) to base 11.
-5
Convert 1241 (base 6) to base 5.
2223
What is e (base 16) in base 8?
16
Convert -1 (base 11) to base 5.
-1
Convert 10 (base 2) to base 11.
2
What is 52 (base 12) in base 14?
46
Convert 1b (base 13) to base 12.
20
What is 1 (base 15) in base 10?
1
Convert 57 (base 13) to base 16.
48
280 (base 12) to base 7
1056
What is 124 (base 5) in base 9?
43
-3 (base 13) to base 8
-3
Convert 2220 (base 3) to base 10.
78
Convert a2 (base 11) to base 13.
88
3 (base 14) to base 11
3
8 (base 12) to base 4
20
What is -35 (base 9) in base 7?
-44
15 (base 6) to base 5
21
-2 (base 10) to base 16
-2
Convert -101 (base 2) to base 6.
-5
-53 (base 7) to base 9
-42
2 (base 7) to base 6
2
What is -11 (base 9) in base 10?
-10
-1 (base 8) to base 7
-1
Convert 264 (base 7) to base 12.
100
What is 10110 (base 2) in base 5?
42
Convert -1 (base 14) to base 10.
-1
Convert -125 (base 6) to base 3.
-1222
What is -3101 (base 4) in base 9?
-252
Convert 22 (base 4) to base 8.
12
What is -23 (base 6) in base 10?
-15
87 (base 13) to base 12
93
What is -5 (base 16) in base 15?
-5
-15 (base 10) to base 6
-23
Convert 1101 (base 4) to base 14.
5b
What is -401 (base 7) in base 5?
-1242
Convert -3 (base 11) to base 9.
-3
What is 1240 (base 5) in base 3?
21020
12 (base 8) to base 4
22
What is 18 (base 12) in base 9?
22
Convert 0 (base 3) to base 11.
0
-4a (base 14) to base 4
-1002
1c (base 15) to base 16
1b
Convert 9 (base 13) to base 9.
10
2 (base 5) to base 9
2
What is -6 (base 9) in base 3?
-20
-1 (base 4) to base 8
-1
-4 (base 7) to base 9
-4
What is 2d (base 15) in base 3?
1121
Convert -3 (base 4) to base 3.
-10
-3 (base 11) to base 4
-3
-20 (base 8) to base 3
-121
Convert b (base 16) to base 10.
11
What is 421 (base 7) in base 3?
21211
Convert 3 (base 14) to base 8.